tor of 791268 and 103578.
1698
What is the greatest common factor of 493490127 and 663?
663
What is the greatest common divisor of 835272 and 128568?
24
Calculate the greatest common factor of 50365712 and 246.
82
What is the highest common factor of 2124738 and 301203?
441
Calculate the greatest common divisor of 67452 and 201509.
77
What is the greatest common divisor of 140 and 767228?
28
Calculate the greatest common divisor of 4592 and 8352520.
328
Calculate the highest common divisor of 29980 and 20450.
10
What is the highest common divisor of 1331 and 1734403?
11
What is the highest common factor of 621647 and 871?
13
Calculate the highest common factor of 3568 and 41808.
16
What is the highest common divisor of 137972352 and 24?
24
Calculate the greatest common divisor of 749973 and 30317.
497
What is the greatest common divisor of 15222 and 101185?
59
Calculate the highest common factor of 58816 and 2006177.
919
What is the highest common divisor of 210 and 4306085?
35
Calculate the greatest common divisor of 17901845 and 580.
145
What is the greatest common divisor of 130625625 and 230?
115
What is the greatest common factor of 1134188 and 367279?
1903
What is the highest common factor of 213600 and 48000192?
8544
Calculate the highest common divisor of 621 and 983043.
621
What is the highest common factor of 1363694 and 37454?
614
Calculate the greatest common factor of 2288 and 133848.
1144
Calculate the highest common divisor of 9896431 and 17731.
2533
What is the greatest common divisor of 4544934530 and 170?
170
What is the greatest common factor of 996 and 37872?
12
Calculate the highest common divisor of 613925 and 11245.
65
Calculate the highest common divisor of 1330404 and 13116.
12
What is the greatest common divisor of 154 and 2907366?
154
What is the highest common factor of 1820 and 3833980?
20
What is the greatest common divisor of 17913804 and 3114?
1038
Calculate the highest common divisor of 88184443 and 4285.
857
What is the greatest common factor of 1365 and 50580?
15
Calculate the highest common divisor of 833107 and 1175911.
583
What is the greatest common factor of 338 and 238207190?
338
Calculate the highest common divisor of 1424203932 and 19128.
9564
What is the greatest common divisor of 40584 and 16728?
24
What is the highest common factor of 12366342 and 1026?
18
Calculate the greatest common divisor of 663 and 36161040.
51
What is the greatest common divisor of 494 and 16554358?
38
Calculate the greatest common divisor of 859328 and 1225192.
232
What is the highest common factor of 81086793 and 651?
93
What is the highest common factor of 273918 and 21442?
142
Calculate the greatest common factor of 1207 and 1120238.
71
What is the highest common factor of 344 and 9335644?
172
What is the greatest common divisor of 103530368 and 35872?
1888
What is the greatest common factor of 91503360 and 18928?
2704
Calculate the highest common factor of 123349 and 22461455.
3979
Calculate the highest common factor of 291476 and 5164.
4
Calculate the highest common divisor of 5025 and 1025175.
75
What is the highest common factor of 20 and 9037865?
5
What is the greatest common factor of 738418501 and 51076?
12769
Calculate the highest common factor of 71863 and 12232.
1529
Calculate the greatest common divisor of 1240896 and 29072.
368
What is the greatest common factor of 774 and 1376430?
258
What is the greatest common divisor of 618475 and 3084763?
1903
Calculate the highest common factor of 902 and 21177596.
22
Calculate the greatest common factor of 960 and 104049984.
192
Calculate the highest common divisor of 1123512 and 2985216.
4056
What is the highest common divisor of 2240 and 1591660?
140
Calculate the highest common divisor of 1042616 and 603988.
212
Calculate the greatest common factor of 130628280 and 520.
40
What is the highest common factor of 22419508 and 55792?
1268
Calculate the greatest common divisor of 276 and 692524204.
92
What is the highest common factor of 3728674 and 893?
19
What is the highest common divisor of 620990 and 90?
10
Calculate the highest common divisor of 88683 and 24076353.
2163
What is the greatest common factor of 20410096 and 1200?
16
Calculate the greatest common factor of 2419897 and 323.
19
Calculate the highest common divisor of 266 and 54384498.
266
What is the highest common divisor of 902734378 and 14?
14
What is the highest common factor of 10 and 75441734?
2
What is the highest common factor of 101039 and 100441552?
4393
Calculate the highest common factor of 10512502 and 546.
182
What is the greatest common divisor of 78571 and 2?
1
What is the greatest common factor of 29892272 and 696?
232
What is the greatest common factor of 1806639 and 2183?
59
Calculate the greatest common factor of 24 and 7930026.
6
What is the greatest common factor of 3695155 and 1565?
5
What is the greatest common factor of 256194 and 516?
258
Calculate the greatest common divisor of 1599 and 24556909.
533
Calculate the highest common factor of 353188 and 1932161.
253
Calculate the highest common factor of 714537 and 1413.
9
Calculate the highest common divisor of 6450 and 905838.
258
What is the highest common divisor of 1444125445 and 105?
35
Calculate the greatest common factor of 578555 and 11064.
461
What is the greatest common factor of 3767634 and 27378?
2106
Calculate the highest common factor of 188 and 30818276.
188
Calculate the highest common factor of 3536 and 15245566.
34
Calculate the greatest common factor of 35298076 and 15620.
3124
Calculate the greatest common factor of 716972 and 482.
2
What is the greatest common divisor of 476518 and 16968?
1414
What is the highest common factor of 55739597 and 64999?
5909
What is the greatest common factor of 6007842 and 234?
18
Calculate the highest common divisor of 10761 and 1985721.
633
What is the highest common divisor of 2 and 1162598?
2
What is the highest common factor of 6467 and 2949097?
29
What is the highest common divisor of 88921 and 34769?
7
What is the highest common factor of 6844048246 and 98?
98
What is the highest common factor of 476376 and 6745208?
6904
Calculate the highest common factor of 324 and 115019190.
162
What is the highest common factor of 94076 and 1332473?
811
What is the highest common divisor of 10470 and 312115935?
5235
What is the highest common factor of 76 and 194357612?
76
What is the greatest common divisor of 1565155637 and 467?
467
What is the highest common divisor of 2904 and 112459336?
968
What is the greatest common divisor of 92 and 418829218?
46
Calculate the highest common factor of 77 and 242453.
1
Calculate the highest common divisor of 308 and 979664.
28
What is the greatest common divisor of 1139 and 4607?
17
What is the greatest common divisor of 18819 and 19214658?
459
Calculate the highest common divisor of 267526 and 15379.
7
What is the highest common factor of 906739561 and 1274?
637
Calculate the highest common factor of 4477 and 11213257.
407
Calculate the greatest common factor of 10058630 and 39924.
2218
Calculate the highest common divisor of 372650338 and 2038.
2038
Calculate the highest common factor of 8 and 17654448.
8
What is the highest common divisor of 1593 and 16288425?
1593
Calculate the greatest common divisor of 922046 and 4039.
577
What is the greatest common divisor of 14949 and 84744?
99
Calculate the highest common factor of 173441 and 122488.
251
Calculate the highest common factor of 1733648 and 584752.
2576
What is the highest common divisor of 8 and 20990072?
8
Calculate the highest common divisor of 1899478 and 102.
34
What is the highest common divisor of 1060089346 and 382?
382
Calculate the greatest common factor of 637944 and 1704984.
456
What is the greatest common divisor of 14022179 and 1082?
541
Calculate the greatest common divisor of 5317 and 8679389.
409
What is the greatest common divisor of 22337164 and 118?
118
Calculate the highest common factor of 2046 and 19358229.
1023
What is the greatest common factor of 147650 and 2100?
50
What is the greatest common divisor of 38979 and 582?
3
Calculate the highest common divisor of 29533774 and 232.
58
Calculate the greatest common divisor of 297657 and 20106.
9
Calculate the highe